, 17, 151
List the prime factors of 964414.
2, 11, 59, 743
List the prime factors of 906613.
906613
What are the prime factors of 1255409?
23, 54583
List the prime factors of 11472313.
29, 395597
What are the prime factors of 17950476?
2, 3, 37, 40429
List the prime factors of 4186044.
2, 3, 116279
List the prime factors of 501994.
2, 499, 503
What are the prime factors of 1814737?
1814737
What are the prime factors of 5343328?
2, 166979
What are the prime factors of 1308760?
2, 5, 32719
What are the prime factors of 1251853?
19, 41, 1607
List the prime factors of 28112.
2, 7, 251
List the prime factors of 7784140.
2, 5, 7, 13, 47
What are the prime factors of 3290595?
3, 5, 7, 11, 37
List the prime factors of 1019154.
2, 3, 169859
List the prime factors of 414415.
5, 82883
What are the prime factors of 1414278?
2, 3, 78571
List the prime factors of 2616157.
1153, 2269
List the prime factors of 336369.
3, 11, 10193
What are the prime factors of 7843090?
2, 5, 784309
List the prime factors of 508367.
508367
List the prime factors of 13245242.
2, 19, 348559
What are the prime factors of 758679?
3, 252893
What are the prime factors of 139753?
139753
What are the prime factors of 172661?
23, 7507
List the prime factors of 216933.
3, 167, 433
List the prime factors of 2489235.
3, 5, 7, 151, 157
List the prime factors of 4297907.
41, 104827
What are the prime factors of 5972942?
2, 1571, 1901
List the prime factors of 6866862.
2, 3, 1144477
What are the prime factors of 16049130?
2, 3, 5, 534971
What are the prime factors of 2867582?
2, 317, 4523
What are the prime factors of 171984?
2, 3, 3583
List the prime factors of 323856.
2, 3, 13, 173
List the prime factors of 9067582.
2, 43, 105437
What are the prime factors of 481056?
2, 3, 5011
What are the prime factors of 4814092?
2, 281, 4283
List the prime factors of 876143.
53, 61, 271
List the prime factors of 1520461.
23, 66107
What are the prime factors of 970331?
31, 113, 277
What are the prime factors of 4165920?
2, 3, 5, 11, 263
List the prime factors of 461822.
2, 17, 47
What are the prime factors of 945917?
7, 135131
What are the prime factors of 531228?
2, 3, 44269
What are the prime factors of 2076230?
2, 5, 13, 15971
What are the prime factors of 512096?
2, 13, 1231
What are the prime factors of 4707508?
2, 13, 90529
What are the prime factors of 4300967?
11, 71, 5507
What are the prime factors of 72554?
2, 36277
List the prime factors of 1730908.
2, 432727
What are the prime factors of 7108859?
7108859
List the prime factors of 171638.
2, 85819
List the prime factors of 1412440.
2, 5, 35311
What are the prime factors of 1791773?
1791773
What are the prime factors of 86455?
5, 17291
List the prime factors of 656789.
7, 93827
List the prime factors of 1444913.
1444913
What are the prime factors of 121413?
3, 40471
List the prime factors of 31319.
31319
What are the prime factors of 316601?
73, 4337
List the prime factors of 2058683.
11, 17, 101, 109
List the prime factors of 3583892.
2, 13, 41
What are the prime factors of 4589297?
4589297
List the prime factors of 10566177.
3, 23, 153133
What are the prime factors of 5225146?
2, 1571, 1663
What are the prime factors of 289967?
289967
What are the prime factors of 1732319?
1732319
List the prime factors of 2088078.
2, 3, 23, 15131
What are the prime factors of 8624842?
2, 41, 107, 983
What are the prime factors of 512090?
2, 5, 41, 1249
What are the prime factors of 582884?
2, 145721
List the prime factors of 433854.
2, 3, 24103
List the prime factors of 107365.
5, 109, 197
What are the prime factors of 1304168?
2, 163021
List the prime factors of 146705.
5, 13, 37, 61
What are the prime factors of 6182465?
5, 487, 2539
What are the prime factors of 136041?
3, 137, 331
List the prime factors of 631798.
2, 315899
List the prime factors of 892424.
2, 13, 8581
List the prime factors of 2312015.
5, 19, 24337
List the prime factors of 4728240.
2, 3, 5, 11, 199
What are the prime factors of 120999?
3, 53, 761
What are the prime factors of 134415?
3, 5, 29, 103
What are the prime factors of 10071344?
2, 17, 61, 607
List the prime factors of 778895.
5, 13, 23, 521
List the prime factors of 276417.
3, 30713
What are the prime factors of 842487?
3, 31, 9059
What are the prime factors of 5634216?
2, 3, 7, 1597
List the prime factors of 607887.
3, 7, 9649
What are the prime factors of 9143262?
2, 3, 43, 11813
List the prime factors of 2903549.
11, 17, 15527
List the prime factors of 199905.
3, 5, 13327
What are the prime factors of 15085534?
2, 7542767
List the prime factors of 1525233.
3, 131, 3881
List the prime factors of 408480.
2, 3, 5, 23, 37
What are the prime factors of 25414419?
3, 19, 43, 10369
What are the prime factors of 322175?
5, 7, 263
What are the prime factors of 4423724?
2, 113, 9787
What are the prime factors of 4827013?
769, 6277
List the prime factors of 145179.
3, 19, 283
What are the prime factors of 23175?
3, 5, 103
List the prime factors of 3541624.
2, 442703
What are the prime factors of 1278375?
3, 5, 7, 487
What are the prime factors of 320007?
3, 106669
List the prime factors of 11623406.
2, 113, 51431
What are the prime factors of 19415163?
3, 71, 91151
What are the prime factors of 4868863?
83, 58661
List the prime factors of 2200171.
491, 4481
List the prime factors of 1865234.
2, 7, 2719
List the prime factors of 6790525.
5, 7, 38803
What are the prime factors of 223301?
13, 89, 193
List the prime factors of 1361159.
41, 33199
What are the prime factors of 1716489?
3, 269, 709
List the prime factors of 1396357.
71, 277
List the prime factors of 2973960.
2, 3, 5, 11, 751
What are the prime factors of 332746?
2, 29, 5737
What are the prime factors of 104384?
2, 7, 233
List the prime factors of 909265.
5, 7, 83, 313
List the prime factors of 5839769.
13, 23, 19531
List the prime factors of 2808785.
5, 7, 80251
What are the prime factors of 58772?
2, 7, 2099
What are the prime factors of 8218532?
2, 7, 41, 7159
What are the prime factors of 4455301?
4455301
List the prime factors of 8664677.
7, 491, 2521
What are the prime factors of 440467?
151, 2917
What are the prime factors of 6688606?
2, 3344303
What are the prime factors of 210153?
3, 70051
List the prime factors of 938163.
3, 19, 109, 151
What are the prime factors of 8933935?
5, 1786787
List the prime factors of 1051742.
2, 525871
List the prime factors of 1998241.
7, 285463
List the prime factors of 484958.
2, 242479
List the prime factors of 1696.
2, 53
List the prime factors of 2763324.
2, 3, 59, 1301
List the prime factors of 1252499.
19, 65921
List the prime factors of 167630.
2, 5, 16763
List the prime factors of 1460108.
2, 13, 43, 653
What are the prime factors of 350620?
2, 5, 47, 373
What are the prime factors of 1458912?
2, 3, 7, 13, 167
List the prime factors of 531977.
531977
What are the prime factors of 6885129?
3, 89, 107, 241
What are the prime factors of 113236?
2, 28309
What are the prime factors of 20691298?
2, 10345649
What are the prime factors of 5248659?
3, 13, 134581
What are the prime factors of 7174897?
307, 23371
List the prime factors of 14946863.
19, 257, 3061
List the prime factors of 248692.
2, 79, 787
List the prime factors of 941399.
43, 21893
List the prime factors of 987230.
2, 5, 269, 367
List the prime factors of 7543362.
2, 3, 431, 2917
What are the prime factors of 23552?
2, 23
What are the prime factors of 4290788?
2, 23, 46639
List the prime factors of 703820.
2, 5, 13, 2707
What are the prime factors of 769756?
2, 13, 113, 131
What are the prime factors of 776953?
31, 71, 353
What are the prime factors of 8897162?
2, 191, 23291
What are the prime factors of 94646?
2, 37, 1279
List the prime factors of 18355498.
2, 7, 157, 1193
What are the prime factors of 646764?
2, 3, 53897
List the prime factors of 5191800.
2, 3, 5, 17, 509
What are the prime factors of 1216013?
1216013
List the prime factors of 261837.
3, 47, 619
What are the prime factors of 275143?
11, 25013
What are the prime factors of 11727391?
13, 419, 2153
List the prime factors of 262419.
3, 87473
List the prime factors of 181851.
3, 60617
What are the prime factors of 321789?
3, 13, 37, 223
What are the prime factors of 366616?
2, 45827
What are the prime 